Let i be z(5). Let b be -27*9/(81/i). Calculate the greatest common factor of 4 and b.
2
Suppose 3*v - q + 5 = 2, 9 = 3*q. Suppose v = -5*x + 22 - 17. Calculate the greatest common divisor of x and 1.
1
Suppose -4*d - 6*p = -4*p - 82, -4*d + 5*p = -103. Calculate the highest common factor of 6 and d.
2
Suppose 4*j - 3*f = 33, 26 = -4*j + 2*f + 60. What is the greatest common divisor of j and 54?
9
Suppose -d = -2*d + 66. What is the greatest common divisor of 72 and d?
6
Suppose 0 = -s + 3*o, 2*s + 4*o - 16 = -2*s. What is the highest common factor of s and 69?
3
Let b(w) = -w**3 + 9*w**2 - 10*w - 9. Let g be b(8). Let a = g + 51. Let n be (-32)/208 + 1876/a. Calculate the highest common factor of 9 and n.
9
Suppose v = 3*u + 30, 5*v + 4*u + 5 = 60. Let t be (-1 - v/(-9))*-15. Let b = 2 - t. What is the highest common factor of b and 6?
6
Suppose 2 = 3*s + 5. Let r be (2 + -14)*s - 2. Suppose 52 = 2*a - 4*z - 40, 0 = 2*a - 2*z - 96. Calculate the greatest common factor of r and a.
10
Let q(o) = -o**2 + 2*o + 2. Let z be q(0). Suppose 2*m + z*m = -3*b + 84, 4 = b. Calculate the highest common divisor of 18 and m.
18
Let o = 24 - 38. Let k = -4 - o. Calculate the greatest common factor of 10 and k.
10
Let i(h) = -20*h - 13*h - 5*h**3 + 2*h**2 + 52*h + 2 - 16*h. Let g = 3 - 4. Let u be i(g). Calculate the greatest common divisor of 42 and u.
6
Suppose -4*u + 3*i = -1119, -3*i - i = -u + 270. Calculate the highest common factor of u and 6.
6
Suppose 4*c = 33 + 31. Suppose 0*b = 4*b + c, -128 = -5*p + 2*b. What is the highest common divisor of 60 and p?
12
Let t be (-1)/(-1) + -2 - -13. Let o be (12 + -21)/(1/7). Let q = o + 67. Calculate the greatest common factor of q and t.
4
Let y(b) = 2*b - 4. Suppose o - 19 = -4*w, 25 = 3*o + 2*w + 2*w. Let p be y(o). Calculate the greatest common divisor of 18 and p.
2
Suppose -2*l - 200 = -5*d, 0 = d - l - 47 + 7. Calculate the highest common factor of 72 and d.
8
Suppose -3*m + 19*m - 8816 = 0. What is the highest common divisor of m and 19?
19
Let y(i) = -i + 18. Let n be y(12). Let s be (-7 + 9)*(-5)/(-2). Let x(l) = 5*l - 10. Let c be x(s). Calculate the greatest common divisor of n and c.
3
Let t be (2/4)/(18/936). Calculate the highest common divisor of 78 and t.
26
Let h be 15/(-6)*2*80/(-50). Calculate the highest common divisor of 256 and h.
8
Let l be 18*(4 + -1)/6. Suppose 45 = -5*b - 0*b. Let u be b*(0 + -2 + 1). Calculate the greatest common divisor of l and u.
9
Suppose 0 = -2*k + 2*k + 6*k. Let l(g) = g**2 - 11*g + 18. Let t be l(k). Suppose 3*s - 26 = -4*w, 10 = w + w. What is the highest common divisor of s and t?
2
Let d(y) = 3*y**2 - 4*y - 15. Let a be d(-5). Calculate the greatest common divisor of 30 and a.
10
Let i(m) = 3*m - 1. Let x be i(-3). Suppose 3*a + 34 = 4*d - 45, -5*a - 9 = d. Let r = x + d. Calculate the highest common divisor of 4 and r.
2
Suppose 7*n = 744 + 2014. Suppose n - 13 = 2*l - o, -5*l + 960 = -5*o. Let j(k) = 5*k - 9. Let b be j(6). Calculate the greatest common divisor of b and l.
21
Let m = 60 + 417. What is the greatest common divisor of 424 and m?
53
Suppose 30*p = 25*p + 4*g + 52, -3*g = 2*p - 7. Suppose -3*i = -5*w - 32, 3*w + 6 = i - 6. Let h = i - p. Calculate the highest common divisor of h and 11.
1
Let h = 37 - 29. Suppose -h = -y - 2. Calculate the greatest common factor of 6 and y.
6
Let k(s) = 3*s + 11. Let z be k(8). Suppose 3*v - z = -5. Suppose 0 = -2*m + 7*m - v. Calculate the greatest common factor of m and 6.
2
Suppose -222 + 6 = -8*x. Let a(y) = -44*y - 4. Let j be a(-5). Calculate the highest common factor of j and x.
27
Let x be 164/((34/12)/17). What is the highest common divisor of 24 and x?
24
Let u = 23 + -30. Let s be (-39)/(u - -7 - 3/4). Calculate the highest common factor of 13 and s.
13
Suppose 2*d = 28 - 26. Let a(u) = 2*u + 7. Let g be a(d). Calculate the highest common divisor of g and 153.
9
Suppose 18 = -2*o - c, -2*c + 4*c + 9 = -o. Let w = 7 - o. What is the greatest common factor of 32 and w?
16
Suppose 0 = -4*i - k - 22 + 82, -5*i + k = -66. Calculate the greatest common divisor of i and 847.
7
Let n = 105 + -100. Suppose n*g - 300 = -g. Calculate the highest common factor of 250 and g.
50
Let a(i) = 35*i**2 + 3*i + 1. Let b be a(-1). Calculate the highest common factor of b and 165.
33
Let i = 53 + -50. What is the greatest common divisor of 39 and i?
3
Suppose p - 2*u = -343 + 945, -1 = u. Suppose p = -7*b + 2280. What is the highest common divisor of b and 15?
15
Suppose 0 = 4*m - 4, 8*m - 157 = -2*y + 11*m. Calculate the highest common factor of y and 70.
10
Let v(d) = -d**2 - 2. Let t be v(-6). Let s = 51 + t. Calculate the highest common factor of 52 and s.
13
Let h be (-4*7/(-56))/((-2)/(-144)). Calculate the greatest common divisor of 84 and h.
12
Suppose s = 3*c - 2*c - 3, 2*c = 5*s + 6. Let h be 2/c - 250/(-3). Suppose b - 831 = -817. Calculate the highest common divisor of b and h.
14
Let r be (6*1*-1)/((-2)/12). What is the greatest common factor of 2 and r?
2
Let c(q) = -4*q - 17. Let z be c(-5). Let m(n) = n**3 - 8*n**2 + 7*n + 3. Let r be m(7). Calculate the greatest common factor of r and z.
3
Suppose 0 = 5*o + 20, 2*z - 3*o = o + 24. Suppose -5*x + 2*j + z = -19, -j + 11 = 2*x. Calculate the highest common factor of x and 45.
5
Let d be (2 + -2)/(9 - 10). Suppose -3*v - 15 = -d*y - 3*y, -2*y - 4*v + 34 = 0. What is the greatest common factor of 6 and y?
3
Suppose 2*h - 42 = 3*m, -4*h + m = -m - 76. Let w = 3 + -1. Suppose 3*k - q = -4*q + 231, w*q - 298 = -4*k. What is the greatest common divisor of k and h?
18
Suppose -4*l + 20 = -5*l - 4*c, -5*l + 5 = -c. Suppose l = 9*u - 13*u + 160. Calculate the highest common divisor of 100 and u.
20
Suppose 4*a = 2*a - 8, -2*u + 458 = 3*a. Calculate the highest common factor of u and 94.
47
Let m = -36 + 68. Let x = 35 - m. Suppose 160 = 4*u - 0*u - x*i, -160 = -4*u + 4*i. Calculate the highest common factor of u and 8.
8
Let r be 61/(((-1)/3)/((-12)/36)). Calculate the highest common factor of 1342 and r.
61
Let w(o) = o**2 - 7*o + 22. Suppose -4*p = 3*z + z - 36, 0 = 3*z - 12. Let i be w(p). What is the highest common divisor of i and 12?
12
Let v = 43 + -22. Calculate the greatest common factor of 672 and v.
21
Suppose 5*v = -l + 51, 111 = 3*l - 5*v - 62. What is the highest common factor of l and 70?
14
Let s(f) = 4*f. Let k be s(5). Let q be (-6 - -1)*3/(-5). Suppose -q*d + 50 = 4*g - 242, -5*d = -g - 502. What is the highest common factor of k and d?
20
Suppose 22*r - 27*r + 90 = 0. Suppose 0 = -3*k + 4*p + 482, -9*p = -7*p - 2. What is the greatest common factor of r and k?
18
Let w be 1 + -2*1/(-1). Suppose b + w = 2*t, -5*b + 5 = -t + 2. Suppose a = 3*s + t - 23, 2*a + 18 = 2*s. Calculate the highest common factor of s and 36.
6
Let y = 1012 + -860. What is the highest common factor of y and 12?
4
Let s(b) = b**2 - 6*b + 13. Let o be s(9). Calculate the highest common divisor of 8 and o.
8
Let b be 1/3 - 24/(-9). Suppose 20 = 3*o - 5*n - 33, 5 = -5*n. Suppose -b*p + o = -2. Calculate the highest common divisor of p and 3.
3
Suppose 5*b = -q + 289, 269 = 6*q - 5*q + b. Calculate the highest common divisor of 66 and q.
66
Let n(t) = 3*t**2 - 7*t + 7. Let g be n(-8). Calculate the highest common factor of 30 and g.
15
Let y be (-32)/(-5) - 54/135. Suppose 2*n - 51 = 5*v, 4*n - 78 = 4*v - 2*v. Calculate the highest common divisor of n and y.
6
Let v(h) = h**3 + 9*h**2 + 11*h - 3. Let l be v(-7). Let p be (-2)/(-5) - 1246/(-35). Calculate the highest common factor of p and l.
18
Let c = -321 - -411. Calculate the highest common factor of c and 6.
6
Suppose -m = 4*m + 2*g - 137, 2*m = 5*g + 49. Let n(o) = -o. Let c be n(-2). Let f = 1 + c. Calculate the greatest common divisor of m and f.
3
Suppose a = -3, -3*z - 2*a - 12 = -z. Let u be 2/z - (-126)/27. Suppose -4*p = u*r - 0*r - 40, 5 = r. What is the greatest common divisor of p and 1?
1
Let m = -263 - -137. Let d = -86 - m. What is the highest common factor of d and 10?
10
Let v(t) = t**2 + t + 5. Let j be v(-5). Suppose -q + j = -38. Let k be (-1 - 0)/(5/(-35)). What is the greatest common factor of q and k?
7
Let r = 54 - 32. Suppose -2*c - c - g + 28 = 0, -4*c = -5*g - 50. Suppose s + 2*w = r, 5*s = 4*